*j + 4. Let y be l(7). Suppose -43*i = -44*i + y. Let g(a) = -a - 4 + a**2 + 3*a + 7 - i*a. Calculate g(3).
6
Let o(m) = -3*m - 1. Let p be (-22)/(-8) + (-1)/16*-4. Let q be (-3 + 2)*(p + -2). Determine o(q).
2
Suppose -2*p - 4*k + 4 = 0, 3*k - 2*k = -p + 2. Suppose p*i - 56 = -i + 5*y, -i + 5*y = -32. Let q be ((-2)/4)/(1/i). Let l(f) = 2*f + 8. Determine l(q).
-4
Let z(a) = a**3 - 7*a**2 - a + 10. Let p = 696 - 689. Calculate z(p).
3
Suppose 4*n - 4*g - g = -3, -18 = -n - 5*g. Let q(a) be the third derivative of -a**4/6 + a**3/3 + 13*a**2 - 2. Calculate q(n).
-10
Suppose 4*h + 16 = -k, -h = -4*k - 0*h + 21. Let l(z) = 4 + 0 - k - 2 + z**2 + z**3. Suppose 2*s = -s - 6. Determine l(s).
-6
Let v(s) be the third derivative of s**8/6720 + s**7/504 + s**6/360 - s**4/4 + 23*s**2. Let m(z) be the second derivative of v(z). Give m(-3).
12
Suppose 0 = w - 0*w + 11. Let j(b) = -5*b**3 - 7*b**2 - 4. Let q(g) = 5 - 20*g**2 - g - 14 - 3 - 14*g**3. Let h(f) = w*j(f) + 4*q(f). Determine h(-3).
8
Let n(o) = o**2 - 16*o + 8 + 40*o - 14*o - 10*o - 13*o. Give n(13).
8
Let d(a) = -4*a**3 + 6*a**2 + 7*a. Let j(l) = 1 - 7*l + 3*l**3 - 2*l**2 - 2 - 5*l**2 + l**2. Let f(c) = 4*d(c) + 5*j(c). What is f(-5)?
5
Let f = 12 + -11. Let k(i) = -3*i**3 + 0 + 2*i**3 + i + f - i**3. Let c = 70 + -71. What is k(c)?
2
Let m(a) = 6*a**2 - 4*a - 8. Let v(k) = 5*k**2 - 3*k - 7. Let c(p) = 4*m(p) - 5*v(p). Let h = -13 + 9. Let i = 7 + h. What is c(i)?
-9
Let h(r) = -r**2 - 5*r - 5. Suppose 4*c = -4*k + 68, -7*c + 2*c + k = -97. Suppose -5*j + c = -6. Let f be (-24)/j - 3/15. Calculate h(f).
-5
Let h be 2/((-221)/(-78) + 10/(-12)). Let z(x) = -19*x + 1. What is z(h)?
-18
Let v be (-5)/((-5)/(-2)) - -3. Let m(c) = 8 + 6 - 12 - c - 1. Let f(q) = -q**2 + 12*q - 6. Let y(s) = v*f(s) + 3*m(s). Give y(6).
15
Let q(i) be the first derivative of i**6/360 + i**5/120 + i**4/24 + 10*i**3/3 - 7. Let a(o) be the third derivative of q(o). Let z = 0 + -2. What is a(z)?
3
Let g(x) = -2*x**2 + 3*x. Let j = 14 + -12. Suppose -5 = -j*z + 3. Suppose -z*n - 5 = -13. Determine g(n).
-2
Let d(m) = m**3 + 5*m**2 + 6*m + 2. Let x(f) = -f**2 + 5*f + 7. Let w be x(6). Suppose a = -2*a + 2*v + 22, 0 = v - w. Suppose 4*u = -a - 8. What is d(u)?
-6
Let n(z) = -18*z**3 - 2*z**2 + 2*z - 1. Suppose y - 5 + 33 = -x, -4*y = -3*x + 77. Let d = -22 - y. What is n(d)?
-19
Let m(w) be the third derivative of w**6/120 + w**5/15 - w**4/8 + w**3 - 29*w**2 + 3. Calculate m(-5).
-4
Suppose 2*h + 0*h - 4 = 0. Let w be -1 + 2 - 1*(-10 + 7). Let x(k) = 5 + 4*k**3 - 5*k**3 - k + h*k**3 + w*k + 6*k**2. Calculate x(-5).
15
Let h(x) = x**3 - 9*x**2 + 3*x - 6. Let p be (-16)/((132/(-6))/11). Give h(p).
-46
Let g(n) = 7*n. Suppose 16*z + 43 = 59*z. Give g(z).
7
Let k(o) = -o**2 - 14*o - 6. Suppose -3*p = i - 4*i - 57, i + 49 = 7*p. Determine k(i).
-6
Let c be (-6)/((-4)/(-8)*-4). Suppose c*f = -f - 2*k - 22, 0 = -2*k - 6. Let z(q) = -2*q**3 + q**3 - 1 - 33*q**2 + 30*q**2 + 2. Calculate z(f).
17
Let c = 0 - -2. Let f(p) = -p - 3*p - p**c + 1 - 6*p**3 + 4*p. Suppose -2*b = -2, 1 = z - 3*b + 3. Give f(z).
-6
Let a(x) = -3*x**2 + 18*x + 1. Let y be a(6). Let d = 0 + 5. Suppose y + d = -f. Let s(k) = -k**3 - 5*k**2 + 4*k - 3. Give s(f).
9
Let f(r) be the second derivative of -r**5/20 + 5*r**4/4 - 13*r**3/6 - 9*r**2/2 + 76*r. Determine f(14).
5
Let f(d) = 4*d - 88. Let a be f(24). Let c(r) be the first derivative of a - 3*r + 1/4*r**4 - 1/2*r**2 + 2*r**3. Determine c(-6).
3
Let y(b) be the third derivative of b**5/60 + 11*b**4/24 - b**3/2 - 58*b**2. What is y(-12)?
9
Suppose -o = -0*o - 1. Let a(f) = -104*f**2 + 311*f**2 - 102*f**2 - 1 + 2*f - 106*f**2. Give a(o).
0
Suppose 2*k + 133 = -4*p + 127, 0 = -5*k - 15. Let u(s) = -s - 70. Give u(p).
-70
Let q(b) = 2*b - 8. Let p be (-209)/6 - 17/102. Let s be 53/7 + 20/p. Calculate q(s).
6
Suppose 3*u - 12 = -f, -8*f + 21 = 5*u - 6*f. Let a(k) = k**3 - k**2 - 4. What is a(u)?
14
Suppose 5*c - 46 - 4 = 0. Suppose -2 = -4*j + c. Suppose 6*m - 11 = -n + m, -4*n + 21 = -j*m. Let p(f) = -f**2 + 6*f + 6. Determine p(n).
6
Let a(h) be the first derivative of -h**4/4 - 32*h**3/3 - h**2 - 60*h - 465. What is a(-32)?
4
Let m(g) = -g - 1. Let w be 4/6 + 4/3. Let d be (3/10 + (-18)/(-36))*5. Suppose -4*b - 28 = y, -w*b + b + d*y = -10. Determine m(b).
5
Let a(i) = -1. Let d(y) = y - 14. Let k(x) = a(x) - d(x). Let w = 13 - 3. Suppose 0 = 5*b + c - 32, 2*b - 2*c = 3*b - w. Calculate k(b).
7
Suppose -3*d + 2 = -4. Suppose d*p + 18 = -p. Let m(u) = -u**3 - 5*u**2 + 3*u - 5. What is m(p)?
13
Let c(q) = -q**2 + 17*q - 13. Let g be c(16). Let z(j) = j**3 - j**2 + 6*j - 3. Give z(g).
33
Let t(q) = q**3 - 4*q**2 - q - 4. Let w be (-54)/((-44)/(-12) - 3). Let i be (-6)/15 - w/15. Suppose i = -p + 9. Determine t(p).
-8
Let s(v) = 8*v**3 - v - 3. Let j(t) = 1 + 1 + 81*t - 9*t**3 - 43*t - 37*t. Let m(x) = -4*j(x) - 3*s(x). Calculate m(1).
12
Let t(a) be the third derivative of -a**5/60 + a**4/24 - a**3/6 + 5*a**2. Let j(i) = i**2 + 3*i + 3. Let x(n) = -j(n) - 2*t(n). Give x(4).
-5
Let o(a) be the first derivative of -a**4/4 + 5*a**3/3 + 2*a**2 + 7*a - 2. Let g = 25 + -19. What is o(g)?
-5
Let p be 1/1*(-1)/1. Let y(h) be the second derivative of -h**7/210 - 5*h**4/6 + 6*h. Let g(a) be the third derivative of y(a). Determine g(p).
-12
Let v(q) be the second derivative of q**4/12 + q**3 - q**2/2 + 369*q + 1. Give v(5).
54
Let r(l) = -3*l - 19. Let u = 943 - 951. Calculate r(u).
5
Let r(q) = 2*q + 5. Let k(c) = c + 5. Let g(l) = -3*k(l) + 2*r(l). What is g(-7)?
-12
Let n(z) = 2*z**2 + 14*z - 2. Let i = -279 - -272. Calculate n(i).
-2
Let l(t) = t**3 + 6*t**2 + 3*t - 5. Let d(h) = -h**2 - 2*h + 3. Suppose 2*j = -28 + 20. Let o be d(j). Give l(o).
5
Let p(q) = -2*q**2 + 3*q - 1. Suppose 5*b = 3*v + 2*v - 30, -2*v - 3*b = -7. Suppose v*o = 2*m - 39, 4*o + 30 = -m - 9. Let d be (-16)/o + 4/18. What is p(d)?
-3
Let a be 2/(-8) + 6/(-8). Let p(g) = 55*g**2 + 2*g + 18. Let r(u) = -29*u**2 - u - 10. Let o(m) = -5*p(m) - 9*r(m). Calculate o(a).
-13
Let a(b) = 2 - 3*b - 2 - 2 + 4 - b**2. Let r be a(-4). Let p(o) = -35*o**2 + 2*o - o**3 - 2 - 2*o**3 + 5*o**3 + 39*o**2. Give p(r).
-6
Let s(v) = -4 + 2 + 3. Let t(j) = 3*j. Suppose 0 = -5*o - 4*g - g - 20, -o - 14 = 3*g. Let d(m) = o*t(m) + 6*s(m). Determine d(-4).
-6
Let c(a) be the first derivative of -a**3/2 + 3*a**2 - 7*a + 6. Let f(v) be the first derivative of c(v). Calculate f(4).
-6
Let b(i) = 7*i - 44. Let m be b(7). Let z(h) be the third derivative of -h**3 + 0*h + 0 + 1/60*h**m - 3*h**2 + 5/24*h**4. Determine z(-5).
-6
Let k(j) be the second derivative of -j**4/12 + j**3/6 - 3*j**2 - 409*j. Suppose -2*v - 2*v = 0. What is k(v)?
-6
Let v be -19 - 6*(-10)/(-15). Let a = 49 - 25. Let q = a + v. Let p(t) = -8*t**2 + t. What is p(q)?
-7
Let g(n) = 6*n + 2*n + 43 + 38 - 78 + 0*n. Give g(-5).
-37
Let u(p) = -7*p + 3. Let w(k) = -3*k + 1. Let x be ((-21)/7)/((-2)/4 - -2). Let n(z) = x*u(z) + 5*w(z). Calculate n(-3).
2
Let b(r) = 0*r**2 + 0*r - 9 - 7*r - r**2. Suppose -23*z = -25*z + 48. Suppose -4*k - 4*u - 12 - z = 0, -5*u + 15 = -5*k. Calculate b(k).
-3
Let j(k) = -k**2 - 6*k + 1. Let c(b) = b**3 + 6*b**2 + 3*b + 4. Let x be c(-6). Let v = x + 23. Suppose v*h - 10 = 4*h, -2*m - 2*h - 6 = 0. What is j(m)?
6
Let w(q) = -q**2 - 7*q + 51. Let f be w(-11). Let k(u) be the second derivative of f*u - u**2 + 1/6*u**3 + 0. Give k(2).
0
Let k(f) = 19*f**2 - 18*f - 17. Let v(r) = 11*r**2 - 9*r - 9. Let y(l) = 4*k(l) - 7*v(l). Give y(-8).
3
Let s = -5 - -6. Let i = s + 6. Let n(u) = -1 - 1 + 3 - i*u. What is n(1)?
-6
Let a(o) = -13*o**2 - 6*o + 4. Let t(f) = 2*f**2 + f + 1. Let c(u) = a(u) + 6*t(u). Suppose 4*p = 5*p. What is c(p)?
10
Let l(y) be the first derivative of y**4/4 - y**3/3 + 2*y**2 + 3*y - 453. Determine l(-3).
-45
Let n(l) = -l**2 + 2. Suppose 2*r + 2*v - 40 = 0, 4*v = -0*v + 20. Let g = 19 - r. What is n(g)?
-14
Suppose 2 = -2*z - 2*f, 0*z = 3*z + f - 3. Let l(d) = -d**3 - 3*d**2 + d + 2. Determine l(z).
-16
Let s(n) = -10*n**2 - 4*n**3 + 4*n**2 - 3*n - 3 - 7*n**3 + 10*n**3. Suppose 0 = -6*d - 5*d - 66. Calculate s(d).
15
Let n(g) be the second derivative of g**5/20 + 13*g**4/12 + 2*g**3 + g**2 + 193*g. Determine n(-12).
2
Let q = 6 - 6. Let x(s) = -4*s**3 + 5*s**3 - s - 1 +